git of r(-3)?
1
Suppose 0 = -4*b + 2*j + 28, -2*j = 3*j + 20. Let r be ((-2)/6)/(b/(-45)). Let p = 1 + r. What is the units digit of p?
4
Suppose -5*v - 58 = 37. Let k = 23 + v. What is the units digit of k?
4
Let a(t) = 15*t + 2. What is the units digit of a(1)?
7
Let x(r) = r**3 - 6*r**2 + 3*r + 1. Let v(c) = c - 3. Let d be v(9). What is the units digit of x(d)?
9
Suppose -3*x = -2*o - 30, 4*x + 2*o = 34 + 20. What is the tens digit of x?
1
Let q = 61 + 7. What is the tens digit of q?
6
Let w = -22 + 43. Let u = w + 4. Let g = u + -16. What is the units digit of g?
9
Let t be -7 + 4 - 9*-5. Suppose 4*d = t + 30. What is the units digit of d?
8
Let i = -5 + 16. Let b(f) = -f - 2. Let h be b(-5). Let o = i - h. What is the units digit of o?
8
Suppose 0*i + r + 13 = 2*i, 5*r - 47 = -4*i. Let n = i - 4. What is the units digit of n?
4
What is the tens digit of -1 + 5/(5/81) + 2?
8
Suppose 0 = p - 12 + 4. What is the units digit of p?
8
Let d(i) = i**3 - 2*i**2 - i + 2. Let o be d(2). Let k be (1*6)/(2 - 0). Let u = k + o. What is the units digit of u?
3
Let o = -19 - -24. Suppose 0 = -5*m + o*l + 140, 0 = 3*l - 4*l + 5. What is the tens digit of m?
3
Let t be ((-4)/(-5))/((-6)/(-45)). Suppose -2*d = -10 + t. What is the units digit of d?
2
Let g(o) = -o**3 + 3*o**2 + 2. Let p be g(3). Suppose 5*b - 7 = -p*c, 2*c + 2 = -6. What is the units digit of b?
3
Suppose 3*h = -0*h + 42. Let f = -5 + h. What is the units digit of f?
9
Let o(k) = k**2 - 7*k + 9. Let i be 164/28 + 1/7. What is the units digit of o(i)?
3
What is the units digit of -6*2/2*-1?
6
Let z(f) be the second derivative of f**5/20 + f**4/3 + f**2/2 - f. Let v(s) = s**2 - 9*s + 4. Let d be v(8). What is the units digit of z(d)?
1
Let q(n) = -n**2 - 10*n + 2. Let i be q(-10). Suppose -i*p - 15 = -7*p. Suppose p*o = 2*o, -5*x + 4*o + 10 = 0. What is the units digit of x?
2
Suppose 4*y - 6 - 6 = -k, -5*y = 5*k. Let n(w) = w**2 + 5*w + 5. Let x be n(k). What is the tens digit of 20/2 + x + -1?
1
Let l be (-1)/(-5) - 20/(-25). What is the tens digit of (l + -19)/((-3)/3)?
1
Let k = 2 + 34. What is the units digit of k?
6
What is the units digit of (243/2)/((15/(-2))/(-15))?
3
Let b = 30 + 291. What is the units digit of b?
1
Let o = -29 + 113. What is the units digit of o?
4
Let h be 0 + 0 - 1 - -1. Suppose 3*g - 13 = -4. Suppose x - g = -h*x. What is the units digit of x?
3
Suppose 3*q - 590 = q - 3*t, -1168 = -4*q - 3*t. What is the hundreds digit of q?
2
Suppose 0 = 2*q - 10 + 2. What is the tens digit of -3 + 41 + q/4?
3
Let u be (-3)/(-9) + (-52)/(-6). Let x(d) = 2*d**2 + 7*d + 7. Let j(v) = v**2 + 7*v + 8. Let h(p) = -3*j(p) + 2*x(p). What is the units digit of h(u)?
8
Let p = -650 - -929. What is the units digit of p?
9
Let a = 39 + 57. What is the tens digit of a?
9
Suppose 4*l + 0 + 44 = 0. Let r = 13 - l. What is the units digit of r/10*25/10?
6
Suppose 0 = 2*t - 4*t - 24. Let m(i) = i**2 + 11*i - 7. What is the units digit of m(t)?
5
Suppose -4*i - 15 = -7*i. What is the units digit of i?
5
Suppose -l - 673 = -4*a, 2*l - 58 = 3*a - 559. Let j = -114 + a. Suppose -5*n + 2*y = -3*n - 40, 4*n - j = -y. What is the units digit of n?
5
Let p be (-1002)/(-9) + 4/6. Suppose 5*d - 112 = -5*n + 3*d, -4*d - p = -4*n. What is the tens digit of n?
2
Let k = 658 - 390. What is the hundreds digit of k?
2
Let s(g) be the second derivative of g**5/20 + 7*g**4/6 - g**3/3 + 9*g**2/2 - 2*g. What is the units digit of s(-14)?
7
Let r = 2 + 1. Suppose -6*c - 102 = -2*c - 5*n, 88 = -r*c - 2*n. What is the units digit of (c/(-6))/((-6)/(-9))?
7
Let t(f) = 99 + 0*f**2 - f**2 + 12*f - 92. What is the tens digit of t(7)?
4
Suppose 0 = -w + 2 - 10. Let k(i) = -i**2 - 8*i + 3. What is the units digit of k(w)?
3
Let k be ((-8)/3)/((-6)/9). Let v be 2/(-3) + (-4)/(-6). Suppose -7*p + 3*p + k = v. What is the units digit of p?
1
Let j = 4 + -7. Let p = 5 + j. Suppose -15 = -3*g + 2*b + 7, -g + 14 = -p*b. What is the units digit of g?
4
Let s(q) = 3*q - 8. Let g be ((-5)/(-15))/(2/36). What is the units digit of s(g)?
0
Let z be (-10)/(2*2/(-4)). Suppose 3*a + 3*l = -15, 2*a = -2*a - 2*l - z. What is the units digit of (1 - 6)*(-1 - a)?
5
Let s be 0/(-2) + -6 + 5. Let x be 0*(-3)/6*s. What is the units digit of 6 + x - 2/2?
5
Suppose 2*c + z - 653 = -2*c, -3*z - 501 = -3*c. What is the tens digit of c?
6
Let s(y) = -10*y**3 + 2*y**2 - y + 6. What is the hundreds digit of s(-3)?
2
Suppose 0 = h - 4*j - 3, -2*h + 7*h + 2*j - 15 = 0. Suppose -8 - 52 = -h*n. What is the tens digit of n?
2
Let q be 5 - 2*(-1)/(-1). Suppose f = -1 + q. Suppose 2*k + 11 = -7*d + 2*d, k = -f*d - 4. What is the units digit of k?
2
Suppose 0 = -3*z - 3*y + 48, -2*y = -z - 4*z + 80. Suppose -5*c + 81 = z. What is the tens digit of c?
1
Let w = 883 - 590. What is the hundreds digit of w?
2
Let v(l) = l**2 - l - 2. Suppose -5*p = z - 28, -5*p = -5*z - 9 - 1. Suppose -4*c + 32 = z*a, -4*c + a + a = -12. What is the tens digit of v(c)?
1
Let c(v) = -v**3 - 3*v**2 - 2*v - 2. Let n be c(-3). Let r = n + 4. What is the units digit of r?
8
What is the units digit of 60*((-13)/(-3) - 4)?
0
Suppose -3*v = -0 - 12. Suppose q = 2*q - v. What is the units digit of (-39)/(-9) + q/6?
5
Suppose -3*w = -2*q + 5*q + 42, 0 = 4*w - 3*q + 21. Suppose -h + 45 = 2*h. Let f = w + h. What is the units digit of f?
6
Let t = 10 + -8. Suppose -2*o - 8 = -t. What is the units digit of (-38)/(o + (1 - 0))?
9
Suppose 3*s = 5*v - 3 + 5, s = -v + 6. Let n be 1/(-2 + 374/186). Suppose 4*u + 5*y - n = 0, -s*y + 10 = -2*y. What is the tens digit of u?
1
Let g(m) = 75*m**3 + 7*m - 10. Let i(k) = -25*k**3 - 2*k + 3. Let l(n) = -2*g(n) - 7*i(n). What is the units digit of l(1)?
4
Let o(w) = 6*w**2 + 5*w - 1. Let g(d) = 9*d**2 + 7*d - 2. Let k = -10 + 5. Let l(t) = k*g(t) + 8*o(t). What is the tens digit of l(-3)?
1
Let o(d) = 20*d - 4. What is the units digit of o(6)?
6
Let k(m) = -3*m. Let t be k(-3). Suppose 5*n + p - 8 - 25 = 0, -p = n - t. Let a = 1 + n. What is the units digit of a?
7
Let p(s) = -s**3 - 5*s**2 - 5*s - 5. Let b be p(-4). Let o = b - -18. What is the tens digit of o?
1
Let k(p) = 2*p**3 + p**2 + 2*p + 4. What is the hundreds digit of k(4)?
1
Let y(c) = -c**2 - 6*c - 3. Let x be y(-4). Suppose x*j + 24 = -16. What is the tens digit of (-57)/(-5) - j/(-20)?
1
Suppose 3*o - 144 = -2*t, -4*o = -4*t + t + 199. What is the units digit of t?
9
Let i(g) = -7*g**2 - 11*g + 17. Let f(r) = -r**2 + 1. Let o(j) = -6*f(j) + i(j). What is the units digit of o(-11)?
1
Suppose -2*x = -b - 49, 5*x - 8*b = -3*b + 115. What is the units digit of x?
6
Let b(h) = h**3 + 5*h**2 - h - 1. Let f be b(-5). Suppose f*w + 0*d + 2*d + 88 = 0, -4*w - 96 = 4*d. Let a = -13 - w. What is the units digit of a?
7
Let d be 8/5 - 2/(-5). Let v(a) = a**3 + 4*a - 3. What is the tens digit of v(d)?
1
Suppose -o = -2 + 3, 4*o + 12 = 4*d. Let u = -16 + 20. What is the units digit of d/u*(19 + -5)?
7
Suppose 5*j - 23 = 27. Let w = -7 + j. What is the units digit of w?
3
Suppose 5*a - 12 - 8 = 0. Let l(g) = 2 + g**2 - a*g + 0 - 10. What is the units digit of l(6)?
4
Suppose -m = 2*f + 3*f + 8, -2 = 4*f + 3*m. Let g(t) = t**2 - 2 - 1 + 4. What is the units digit of g(f)?
5
Suppose -3 + 1 = -v. Let k be (20/(-8))/((-1)/v). Suppose -3*a + 42 = 5*y - k*a, 2*y - 4*a - 20 = 0. What is the units digit of y?
8
Suppose -x - 2*x + 12 = 0. What is the units digit of x?
4
Let s be -1*0/(2*-2). Suppose s = 5*g - 2*x - 33, g + 2*x = -g + 16. What is the units digit of g?
7
Let c = 0 + 3. Let z(k) = 2*k**3 - k**2 - c*k**3 - 5*k + 1 - 4*k**2. What is the units digit of z(-4)?
5
Suppose -3*q = 9, -4*q = 5*o - 0 + 2. Let m(k) = k**3 + 6*k**2 + 2*k + 2. Let t be m(-5). Suppose 0 = o*c + 3 - t. What is the units digit of c?
7
Let i(s) = s**3 - s**2 + s + 3. Let o be i(0). Suppose o*g = -g + 36. What is the units digit of g - (-2 + 6 + -2)?
7
Let q = -61 - -418. What is the hundreds digit of q?
3
Suppose 2*z - 51 = 39. What is the tens digit of z?
4
Suppose -4*i = -33 - 3. What is the units digit of i?
9
Let y = 124 - 84. Suppose 0*k - 2*j = 2*k + y, 2*j + 70 = -4*k. What is the units digit of ((-20)/(-25))/((-2)/k)?
6
Let w(s) = -2*s. Let j be w(-3). Suppose -j + 1 = -5*c. Suppose -c = -3*l + 14. What is the units 